 = -k + 12. Suppose -v = 2*v - z. What are the prime factors of v?
107
Let r(z) = z**3 + 7*z**2 + 14*z - 13. Let p(u) = u**3 + 7*u**2 + 13*u - 13. Let f(o) = -4*p(o) + 3*r(o). What are the prime factors of f(-6)?
37
Suppose 2*b + 3*r - 28 = -0*b, 0 = 3*b - 3*r - 42. Let c(m) = 11*m + 9 + 4*m - m**2 + 5*m. List the prime factors of c(b).
3, 31
Suppose 4*j - 8 - 8 = 0. Suppose j*h - 6*h = -52. Suppose 0 = 3*w - 3*v - h - 226, -5*w - 4*v = -465. What are the prime factors of w?
89
Suppose 21*s - 120*s + 1256805 = 0. List the prime factors of s.
5, 2539
Let w(b) = -83*b - 1. Let q be w(-5). Let f be (-3930)/14 - 24/84. Let j = q + f. List the prime factors of j.
7, 19
Let m(c) = -c**3 + 60*c**2 - 23*c - 187. What are the prime factors of m(-27)?
63857
Suppose 3*p - 5 = -23. Let i = -12 - p. List the prime factors of (-754)/i + 2/6.
2, 3, 7
Let p = 30338 - 9580. What are the prime factors of p?
2, 97, 107
Suppose -2*t + y = -t - 242, y = -3*t + 734. Let q = t + -170. Let z = q - 53. List the prime factors of z.
3, 7
Let x be (2 + 1)/((-21)/154). Let v = 6 + x. Let w(r) = r**3 + 15*r**2 - 20*r + 11. List the prime factors of w(v).
3, 5
Let d = -7967 + 12150. What are the prime factors of d?
47, 89
Let k be (-34)/(1/64*-2). Suppose 0 = 41*a - 42*a + k. What are the prime factors of a?
2, 17
Let j = -8874 + 16202. List the prime factors of j.
2, 229
Suppose -34*p - 29669 = -35*p - 2*c, -89021 = -3*p + c. List the prime factors of p.
3, 7, 157
Let a = 554 + -207. Suppose 0 = -h + 5*p + a, 0*p = -4*p - 20. List the prime factors of h.
2, 7, 23
Suppose 556766 = 30*u - 43564 + 58830. List the prime factors of u.
2, 5, 19
Suppose -4*d = -4*b - 12856, -2*b = -2*d + b + 6423. List the prime factors of d.
3, 29, 37
Let g = 24 + -24. Suppose 5*t - 10 = -g. Suppose -3*u = u + 3*o - 925, 4*u - t*o - 930 = 0. List the prime factors of u.
2, 29
Suppose -a + 25 = -4*p, 5*p + a - 13 = -33. Let h be ((-2)/(-6))/(p/(-240)). Suppose -h*c + 17*c = 80. What are the prime factors of c?
2, 5
Suppose -5*f + 12342 = -l, 0*l = 3*f + 4*l - 7396. Suppose 7*g - f = -823. List the prime factors of g.
5, 47
Let w(b) = -b**3 + 18*b**2 - 42. List the prime factors of w(15).
3, 211
Let s = 57 - 69. What are the prime factors of 0 + 1 + 4/(s/(-21))?
2
Let k = 9209 - -12859. What are the prime factors of k?
2, 3, 613
Let o(f) = 0*f**2 - 14*f**2 - 45*f**2 + 36 - 5*f**2 + 23*f - 2*f**3 + 67. List the prime factors of o(-33).
2, 761
Suppose 0 = -4*z + 1 - 33. Let m be 16/64 - (-338)/z. Let c = 108 + m. What are the prime factors of c?
2, 3, 11
Let h = 257 - 242. Let j(m) = 4*m**2 - 50*m + 4. List the prime factors of j(h).
2, 7, 11
List the prime factors of (1038/27)/(28/378).
3, 173
Suppose -26883 = -a + 3*x + 23858, -3*a = x - 152233. List the prime factors of a.
2, 6343
Let x = 16683 + -10000. What are the prime factors of x?
41, 163
Let o = 11 + -32. Let g = 19 + o. Let t(y) = -12*y**3 - 3*y**2 - 4*y - 5. List the prime factors of t(g).
3, 29
Suppose 0 = -4*k - z, 4*k - 9*z = -11*z. Suppose -x + 478 = 5*v, -2*v + 11 - 5 = k. List the prime factors of x.
463
Suppose 16*c + 368 = 20*c. Let v = -27 + c. What are the prime factors of v?
5, 13
Suppose q = 3, 2*a = 3*a - 2*q + 41. Let t = -4 + a. Let y = -30 - t. What are the prime factors of y?
3
Let f = 21 - 16. Suppose -14 = -5*y + 6. What are the prime factors of (y/f)/(6 - (-836)/(-140))?
2, 7
Let t be -3 - -92 - (0 + 1). Let x = t + -85. Suppose -x*n - 165 = -570. What are the prime factors of n?
3, 5
Let g(x) = -x**3 + 8*x**2 + 11*x + 3. Let s be g(-6). Let j = s - 107. What are the prime factors of j?
2, 167
Let s(w) = 1383*w**2 - 95*w - 186. What are the prime factors of s(-2)?
2, 173
Suppose 0 = -2*n - 8, -51615 - 40190 = -3*f + 5*n. What are the prime factors of f?
5, 29, 211
Suppose 5*o - 4676 = -2*o. Let x = -425 + o. What are the prime factors of x?
3
Let y(u) = 5*u**2 - 2*u - 51. Let i be y(-12). Suppose 0 = 25*k - 16*k - i. Suppose -2*h + 107 = -k. List the prime factors of h.
2, 23
Let d(q) = 164*q**3 + 6*q**2 - 20*q + 55. List the prime factors of d(3).
11, 37
Let x(l) = -34*l + 4998. List the prime factors of x(0).
2, 3, 7, 17
Let h(s) = 2*s**3 - 3*s**2 - 5*s + 1. Let w be h(3). Suppose w*l = 12*l + 392. List the prime factors of l.
2, 7
Let n = -3941 + 4878. List the prime factors of n.
937
Let r = -1877 - -3122. Suppose 5*t - 1120 = 4*x + r, 2*t - x - 949 = 0. What are the prime factors of t?
3, 53
Let m = 41933 + -16775. What are the prime factors of m?
2, 3, 7, 599
List the prime factors of 11/(68 - 24)*61532.
15383
Let j = 47032 - 33593. What are the prime factors of j?
89, 151
Let j = -6958 + 9856. Suppose -27*c = -20*c - j. List the prime factors of c.
2, 3, 23
What are the prime factors of 14108/(20/5) + 7?
2, 3, 19, 31
Let k(r) = -54*r**3 + r**2 - 7*r. Let n be k(-3). Suppose 1 + 2 = u. Suppose -n = -u*j - 13*j. What are the prime factors of j?
3, 31
Let l(t) = 471*t**2 + 54*t + 324. What are the prime factors of l(-7)?
3, 5, 307
List the prime factors of 12 + -684*48/(-36).
2, 3, 7, 11
List the prime factors of 23724/8*(10 + -78)/(-17).
2, 3, 659
Let y(c) = -2*c**3 - 2*c**2 + 13*c + 1. Suppose -6 = 3*p + 3*k, 13*k = -3*p + 17*k - 34. What are the prime factors of y(p)?
283
Let y be (0/(-1))/(-1 + 4). Suppose n - m = -y*n + 271, -4*n - 4*m + 1116 = 0. List the prime factors of n.
5, 11
Let l(c) = -c**2 - 17*c - 16. Let f be l(-15). Let h(y) = -y - f + 22 - 1 - 2*y. List the prime factors of h(-7).
2, 7
Let d = 827 + -183. Suppose 10*w - d = 1256. What are the prime factors of w?
2, 5, 19
Let n = -57187 - -95354. List the prime factors of n.
38167
Suppose -27*h - 462 = -13*h. List the prime factors of -3 + (1263/9)/((-11)/h).
2, 11, 19
List the prime factors of (-12 + -2378)*4/(-4)*1.
2, 5, 239
Let d = -410 + 417. List the prime factors of -178*d/(42/(-12)).
2, 89
Let h = -1374 + 2468. Suppose 0 = -12*a + 10582 + h. What are the prime factors of a?
7, 139
Suppose 96*u = 98*u - t - 6330, -t = -3*u + 9495. What are the prime factors of u?
3, 5, 211
Let g = -8206 + 14534. List the prime factors of g.
2, 7, 113
Let a be (6 - 2)*(-1)/2. Let c be 51*1*((-4)/4 - a). Suppose -3*x = c - 375. List the prime factors of x.
2, 3
Suppose -a + 5*p + 183 = 0, 3*p = -3*a + 8*p + 579. Suppose 7354 = 9*o + 6724. Let d = a - o. What are the prime factors of d?
2
Let c(z) = 8*z**2 - 36*z - 76. List the prime factors of c(29).
2, 701
Suppose 70 = -i + 6*i. Suppose i = -4*l + 42. Suppose 3*n = 5*k + 5*n - 23, 3*k = 4*n - l. List the prime factors of k.
3
Suppose 27*f = 16*f + 17*f - 76512. What are the prime factors of f?
2, 797
Let w be (4/(-10))/((-1)/445). Let y = -945 + 947. Suppose 0 = 2*u - 8, 3*l + y*u - 513 = -w. What are the prime factors of l?
109
Let v(y) = 5*y**2 - 26*y - 13. Suppose 4*p - 11*p + 63 = 0. Let l be v(p). What are the prime factors of (l/(-10))/(3/(-30))?
2, 79
Suppose 0 = 4*c - 44 + 16, -5*a - 3*c = -82316. List the prime factors of a.
109, 151
Let w be (2 - (-5)/5) + (-2 - 0). Let v(r) = -3*r + w + 5*r**3 + 0 + 64*r**2 - 2*r**3 - 66*r**2. List the prime factors of v(5).
311
Let h(z) = 226*z**3 - z**2 + 3*z + 3. Let u be h(-2). List the prime factors of (u/(-44))/(-33)*(-196 - 0).
5, 7
Let c be (-4 + 0)/((-36)/351). List the prime factors of (-230)/(-8)*156/c.
5, 23
Let t(g) = 94*g**3 + 19*g**2 - 13. What are the prime factors of t(5)?
2, 43, 71
Suppose 15*s - 201560 = -13*s + 8*s. List the prime factors of s.
2, 5039
Let y = -75 + -687. Let o be y/(-9) + (-44)/12 + 3. Suppose 0 = 7*i - 63 - o. List the prime factors of i.
3, 7
Suppose -12 = -11*c + 7*c. Suppose -2*t + 76 = -2*k, 2*k = c*t - 41 - 71. What are the prime factors of t?
2, 3
Let t be (-10)/(-3)*3/(-2). What are the prime factors of (13/5 + (-5)/t)*115?
2, 3, 23
Let p be (90/(-7))/(-3) + (-36)/126. Suppose 5 = -g, 12*g = -p*o + 9*g + 1837. What are the prime factors of o?
463
Suppose 231*i = 217*i. Let p be 3 - (-2 - (-1)/1). Suppose i = 5*t - 2*t + w - 635, p*w + 1081 = 5*t. What are the prime factors of t?
3, 71
Suppose -36*p = 112*p - 2827244. List the prime factors of p.
7, 2729
Let v(o) = 6220*o + 480. List the prime factors of v(1).
2, 5, 67
Suppose 3*d = 60 - 33. Let g = -2 + d. What are the prime factors of 2*g/2 + -23 + 22?
2, 3
Let j